 14906 a multiple of 14?
False
Does 25 divide 1144?
False
Does 34 divide 24404?
False
Is 29016 a multiple of 18?
True
Does 44 divide 22528?
True
Is 11620 a multiple of 20?
True
Is 19 a factor of 32452?
True
Is 643 a multiple of 19?
False
Is 4173 a multiple of 38?
False
Is 7 a factor of 168?
True
Is 54 a factor of 432?
True
Is 7 a factor of 106?
False
Is 30428 a multiple of 87?
False
Does 17 divide 1456?
False
Is 19301 a multiple of 137?
False
Is 1622 a multiple of 35?
False
Is 168 a multiple of 8?
True
Does 33 divide 1026?
False
Is 10611 a multiple of 27?
True
Is 1136 a multiple of 28?
False
Is 759 a multiple of 11?
True
Does 38 divide 4423?
False
Is 10238 a multiple of 20?
False
Is 99 a factor of 3435?
False
Is 562 even?
True
Is 1582 a multiple of 7?
True
Does 2 divide 821?
False
Does 17 divide 49606?
True
Does 44 divide 190?
False
Does 27 divide 13544?
False
Does 62 divide 310?
True
Is 3556 a multiple of 127?
True
Is 10 a factor of 1126?
False
Is 83088 a multiple of 23?
False
Is 52 a factor of 6136?
True
Does 224 divide 1121?
False
Does 140 divide 7000?
True
Is 22 a factor of 4884?
True
Is 65656 a multiple of 34?
False
Is 17 a factor of 2975?
True
Does 24 divide 5400?
True
Is 5 a factor of 24?
False
Is 1443 a multiple of 2?
False
Does 32 divide 49417?
False
Does 10 divide 480?
True
Does 4 divide 120?
True
Does 11 divide 23276?
True
Does 2 divide 22585?
False
Is 37 a factor of 1740?
False
Does 51 divide 18785?
False
Does 142 divide 1704?
True
Is 90 a factor of 270?
True
Is 135 a multiple of 15?
True
Is 59510 a multiple of 11?
True
Does 47 divide 619?
False
Does 15 divide 111300?
True
Is 132 a multiple of 33?
True
Is 184 a multiple of 4?
True
Is 47 a factor of 43334?
True
Does 34 divide 510?
True
Is 23 a factor of 24357?
True
Does 7 divide 280?
True
Does 8 divide 1808?
True
Does 50 divide 2800?
True
Is 259 a multiple of 3?
False
Is 29 a multiple of 15?
False
Is 8098 a multiple of 27?
False
Is 10 a factor of 7190?
True
Does 15 divide 315?
True
Does 26 divide 21892?
True
Is 22 a multiple of 5?
False
Is 8606 a multiple of 26?
True
Is 21 a factor of 50767?
False
Is 20 a factor of 1121?
False
Does 74 divide 10198?
False
Is 73 a factor of 49298?
False
Is 1883 a multiple of 92?
False
Does 91 divide 6342?
False
Is 99 a factor of 6039?
True
Is 2592 a multiple of 16?
True
Does 12 divide 420?
True
Does 2 divide 4327?
False
Does 102 divide 233?
False
Does 7 divide 2633?
False
Does 35 divide 15739?
False
Does 33 divide 15246?
True
Is 199 a factor of 16119?
True
Is 392 a multiple of 4?
True
Is 30 a factor of 120?
True
Is 18 a factor of 7398?
True
Is 11947 a multiple of 6?
False
Does 7 divide 418?
False
Does 18 divide 18449?
False
Is 14 a factor of 3052?
True
Does 44 divide 32560?
True
Does 58 divide 348?
True
Does 7 divide 75031?
False
Is 12296 a multiple of 208?
False
Is 24947 a multiple of 19?
True
Is 10352 a multiple of 16?
True
Is 173 a factor of 2599?
False
Is 4 a factor of 118?
False
Is 199 a factor of 94724?
True
Is 13 a factor of 36774?
False
Does 54 divide 4004?
False
Is 2197 even?
False
Is 27 a factor of 4529?
False
Is 94571 a multiple of 38?
False
Is 81 a multiple of 8?
False
Is 1703 a multiple of 42?
False
Is 113 a factor of 13108?
True
Does 33 divide 231?
True
Does 4 divide 72?
True
Does 4 divide 220?
True
Does 70 divide 83230?
True
Is 214 a factor of 94770?
False
Is 1272 a multiple of 8?
True
Is 31 a factor of 8545?
False
Is 5 a factor of 124?
False
Does 34 divide 476?
True
Does 5 divide 615?
True
Does 87 divide 14181?
True
Does 11 divide 3428?
False
Is 37 a factor of 2666?
False
Is 4996 a multiple of 5?
False
Is 21268 a multiple of 28?
False
Is 14388 a multiple of 34?
False
Is 24 a factor of 1152?
True
Does 73 divide 17787?
False
Does 8 divide 6465?
False
Does 19 divide 242?
False
Is 52 a factor of 715?
False
Is 40 a factor of 9120?
True
Does 51 divide 7331?
False
Is 51 a factor of 2153?
False
Does 3 divide 28?
False
Is 1130 a multiple of 10?
True
Does 77 divide 23057?
False
Is 13 a factor of 8600?
False
Is 5 a factor of 5?
True
Does 11 divide 1796?
False
Is 35 a factor of 1999?
False
Is 316 a multiple of 8?
False
Is 10847 a multiple of 4?
False
Does 5 divide 2701?
False
Is 4396 a multiple of 17?
False
Is 16461 a multiple of 59?
True
Does 49 divide 2401?
True
Is 722 a multiple of 38?
True
Does 29 divide 406?
True
Does 47 divide 1044?
False
Is 33726 a multiple of 146?
True
Is 6100 a multiple of 18?
False
Does 12 divide 204?
True
Is 90 a factor of 2206?
False
Does 15 divide 34455?
True
Does 189 divide 2901?
False
Is 110088 a multiple of 396?
True
Is 11 a factor of 1078?
True
Is 470 a multiple of 3?
False
Does 68 divide 27923?
False
Is 260 a multiple of 13?
True
Is 12 a factor of 7500?
True
Is 22 a factor of 330?
True
Is 108826 a multiple of 313?
False
Does 37 divide 3410?
False
Is 2 a factor of 792?
True
Is 255 a multiple of 15?
True
Is 78 a factor of 1082?
False
Is 268 even?
True
Does 167 divide 4676?
True
Does 11 divide 11264?
True
Is 6233 a multiple of 19?
False
Is 148 a factor of 84804?
True
Does 15 divide 2505?
True
Is 103961 a multiple of 11?
True
Does 49 divide 735?
True
Is 10039 a multiple of 40?
False
Does 16 divide 18736?
True
Is 10 a factor of 440?
True
Is 10 a factor of 8710?
True
Is 4598 a multiple of 11?
True
Does 9 divide 419?
False
Is 64 a factor of 582?
False
Is 53 a multiple of 53?
True
Is 28619 a multiple of 46?
False
Does 3 divide 128?
False
Is 3 a factor of 263?
False
Does 57 divide 35169?
True
Is 6351 a multiple of 29?
True
Is 28 a factor of 5174?
False
Is 15 a factor of 27699?
False
Does 6 divide 16?
False
Does 25 divide 10521?
False
Is 11670 a multiple of 97?
False
Is 45 a factor of 3285?
True
Does 158 divide 4830?
False
Is 145 a factor of 201?
False
Does 127 divide 2488?
False
Is 25 a factor of 1450?
True
Is 11 a factor of 4037?
True
Does 6 divide 876?
True
Is 11 a factor of 12059?
False
Is 87 a factor of 3330?
False
Is 55 a factor of 605?
True
Does 106 divide 9858?
True
Does 8 divide 784?
True
Is 68 a factor of 42944?
False
Is 17 a factor of 1429?
False
Is 348 a multiple of 23?
False
Does 38 divide 1811?
False
Is 6 a factor of 2754?
True
Is 21 a factor of 808?
False
Does 297 divide 46504?
False
Is 875 a multiple of 8?
False
Is 10976 a multiple of 28?
True
Does 49 divide 637?
True
Does 34 divide 81119?
False
Is 22656 a multiple of 59?
True
Is 1137 a multiple of 3?
True
Is 2519 a multiple of 11?
True
Is 12 a factor of 60?
True
Is 45 a factor of 135?
True
Is 13 a factor of 39468?
True
Is 1003 a multiple of 59?
True
Is 41 a factor of 7278?
False
Is 442 a multiple of 27?
False
Does 118 divide 2235?
False
Is 17 a factor of 137326?
True
Is 15 a factor of 15360?
True
Does 9 divide 63?
True
Does 20 divide 28600?
True
Is 7 a factor of 6784?
False
Does 112 divide 2631?
False
Is 21 a factor of 30353?
False
Is 594 a multiple of 21?
False
Does 39 divide 4992?
True
Is 7 a factor of 4675?
False
Is 37 a factor of 453?
False
Does 13 divide 30563?
True
Does 35 divide 365?
False
Is 5108 a multiple of 10?
False
Is 8 a factor of 560?
True
Is 19 a factor of 9177?
True
Is 39086 a multiple of 81?
False
Is 5 a factor of 183?
False
Is 20 a factor of 33354?
False
Does 21 divide 3912?
False
Is 6 a factor of 534?
True
Is 16 a factor of 1504?
True
Is 119 a factor of 33677?
True
Is 417 a multiple of 17?
False
Is 679 a multiple of 3?
False
Is 109 a multiple of 5?
False
Does 20 divide 370?
False
Is 14 a factor of 1736?
True
Is 440 a multiple of 40?
True
Is 55325 a multiple of 82?
False
Does 336 divide 54305?
False
Is 44 a multiple of 11?
True
Is 286 a multiple of 13?
True
Is 15172 a multiple of 12?
False
Is 120 a factor of 3840?
True
Is 1504 a multiple of 50?
False
Is 760 a multiple of 76?
True
Is 356 a multiple of 4?
True
Is 63752 a multiple of 18?
False
Is 51 a factor of 51336?
False
Does 33 divide 11484?
True
Does 196 divide 9575?
False
Is 100 a multiple of 5?
True
Is 36 a factor of 648?
True
Is 43890 a multiple of 21?
True
Is 2332 a multiple of 3?
False
Is 11590 a multiple of 136?
False
Is 8 a factor of 120?
True
Does 12 divide 88476?
True
Is 3 a factor of 10314?
True
Is 1377 a multiple of 51?
True
Does 154 divide 6468?
True
Is 46 a factor of 2080?
False
Is 8200 a multiple of 82?
True
Is 3591 a multiple of 27?
True
Is 736 a multiple of 8?
True